3, 19, 89
List the prime factors of 351255.
3, 5, 23417
What are the prime factors of 3446213?
191, 18043
List the prime factors of 17179182.
2, 3, 79, 4027
What are the prime factors of 7028506?
2, 31, 113363
What are the prime factors of 484641?
3, 53849
What are the prime factors of 314461?
7, 167, 269
List the prime factors of 20336786.
2, 277, 36709
What are the prime factors of 302298?
2, 3, 50383
What are the prime factors of 10481967?
3, 151, 857
What are the prime factors of 578423?
571, 1013
What are the prime factors of 347395?
5, 17, 61, 67
List the prime factors of 263409.
3, 87803
List the prime factors of 419699.
7, 59957
List the prime factors of 147608.
2, 18451
What are the prime factors of 36234?
2, 3, 11, 61
What are the prime factors of 219118?
2, 89, 1231
What are the prime factors of 6864615?
3, 5, 50849
List the prime factors of 91258.
2, 103, 443
List the prime factors of 16159.
11, 13, 113
List the prime factors of 3097398.
2, 3, 516233
What are the prime factors of 1289635?
5, 37, 6971
What are the prime factors of 875213?
875213
List the prime factors of 103536.
2, 3, 719
What are the prime factors of 126851?
126851
List the prime factors of 723824.
2, 19, 2381
List the prime factors of 934515.
3, 5, 19, 1093
What are the prime factors of 26892103?
7, 3841729
What are the prime factors of 1073176?
2, 13, 17, 607
What are the prime factors of 96734?
2, 11, 4397
List the prime factors of 663756.
2, 3, 55313
List the prime factors of 150803.
19, 7937
List the prime factors of 139855.
5, 83, 337
List the prime factors of 126011.
126011
List the prime factors of 174597.
3, 58199
List the prime factors of 31172694.
2, 3, 7, 251, 2957
What are the prime factors of 2294879?
2294879
List the prime factors of 233137.
37, 6301
What are the prime factors of 10377880?
2, 5, 401, 647
What are the prime factors of 2362442?
2, 179, 6599
List the prime factors of 84391.
84391
What are the prime factors of 10567569?
3, 71, 49613
List the prime factors of 8420066.
2, 17, 247649
List the prime factors of 525666.
2, 3, 79, 1109
List the prime factors of 1601240.
2, 5, 40031
List the prime factors of 2643146.
2, 11, 317, 379
What are the prime factors of 270779?
23, 61, 193
List the prime factors of 374520.
2, 3, 5, 3121
What are the prime factors of 694239?
3, 7, 13, 2543
What are the prime factors of 240029?
47, 5107
List the prime factors of 11267346.
2, 3, 1877891
What are the prime factors of 923688?
2, 3, 12829
What are the prime factors of 8949483?
3, 31, 32077
What are the prime factors of 16060519?
29, 553811
What are the prime factors of 6149707?
6149707
List the prime factors of 114965.
5, 22993
What are the prime factors of 2311293?
3, 19, 23, 41, 43
List the prime factors of 246874.
2, 17, 53, 137
What are the prime factors of 216122?
2, 108061
What are the prime factors of 7366828?
2, 7, 263101
List the prime factors of 3668163.
3, 587, 2083
What are the prime factors of 8191653?
3, 211, 12941
List the prime factors of 13578.
2, 3, 31, 73
List the prime factors of 622971.
3, 7691
List the prime factors of 775588.
2, 11, 17627
List the prime factors of 8418717.
3, 935413
What are the prime factors of 3404358?
2, 3, 31, 6101
What are the prime factors of 718254?
2, 3, 47, 283
List the prime factors of 5692278.
2, 3, 948713
List the prime factors of 70740.
2, 3, 5, 131
What are the prime factors of 195286?
2, 7, 13, 29, 37
List the prime factors of 5178939.
3, 1726313
List the prime factors of 759150.
2, 3, 5, 7, 241
What are the prime factors of 17593086?
2, 3, 7, 418883
What are the prime factors of 7549?
7549
What are the prime factors of 370813?
370813
What are the prime factors of 1491604?
2, 372901
What are the prime factors of 674774?
2, 23, 14669
What are the prime factors of 26157176?
2, 241, 13567
List the prime factors of 182490.
2, 3, 5, 7, 11, 79
List the prime factors of 15067366.
2, 61, 123503
What are the prime factors of 18609213?
3, 7, 29, 30557
List the prime factors of 1111291.
19, 23, 2543
What are the prime factors of 268580?
2, 5, 13, 1033
What are the prime factors of 59028?
2, 3, 4919
What are the prime factors of 1473374?
2, 7, 19, 29, 191
List the prime factors of 7566795.
3, 5, 168151
List the prime factors of 495523.
7, 29, 2441
List the prime factors of 13751752.
2, 7, 35081
List the prime factors of 1374834.
2, 3, 229139
What are the prime factors of 12490776?
2, 3, 173483
List the prime factors of 3427175.
5, 137087
What are the prime factors of 1720012?
2, 7, 47, 1307
List the prime factors of 16105918.
2, 463, 17393
List the prime factors of 4611027.
3, 59, 109, 239
What are the prime factors of 326484?
2, 3, 3023
List the prime factors of 3799174.
2, 29, 31, 2113
What are the prime factors of 95865?
3, 5, 7, 11, 83
List the prime factors of 3116126.
2, 13, 119851
What are the prime factors of 714909?
3, 13, 23, 797
List the prime factors of 198960.
2, 3, 5, 829
List the prime factors of 1790121.
3, 596707
What are the prime factors of 883184?
2, 17, 191
List the prime factors of 43672047.
3, 43, 338543
What are the prime factors of 565232?
2, 35327
What are the prime factors of 169213?
11, 15383
What are the prime factors of 21146385?
3, 5, 13, 17, 6379
What are the prime factors of 15778?
2, 7, 23
List the prime factors of 92824.
2, 41, 283
List the prime factors of 5893186.
2, 13, 17, 67, 199
What are the prime factors of 946868?
2, 13, 131, 139
List the prime factors of 226286.
2, 113143
List the prime factors of 157451.
7, 83, 271
List the prime factors of 22293799.
11, 59, 34351
List the prime factors of 23830.
2, 5, 2383
List the prime factors of 807756.
2, 3, 83, 811
List the prime factors of 117383.
7, 41, 409
List the prime factors of 22454128.
2, 1403383
What are the prime factors of 195104?
2, 7, 13, 67
List the prime factors of 1019912.
2, 23, 241
List the prime factors of 2259894.
2, 3, 7, 13, 4139
List the prime factors of 230931.
3, 2851
List the prime factors of 596741.
596741
List the prime factors of 1185189.
3, 17, 1367
List the prime factors of 452513.
149, 3037
List the prime factors of 120402.
2, 3, 6689
What are the prime factors of 416050?
2, 5, 53, 157
List the prime factors of 1577050.
2, 5, 31541
What are the prime factors of 75813?
3, 37, 683
What are the prime factors of 431321?
11, 113, 347
List the prime factors of 313147.
313147
List the prime factors of 172916.
2, 139, 311
List the prime factors of 120025.
5, 4801
What are the prime factors of 485815?
5, 11, 73
List the prime factors of 93757.
29, 53, 61
What are the prime factors of 7992752?
2, 109, 4583
What are the prime factors of 7386973?
11, 149, 4507
What are the prime factors of 502595?
5, 100519
List the prime factors of 456046.
2, 228023
List the prime factors of 603267.
3, 7, 23, 1249
List the prime factors of 381686.
2, 190843
List the prime factors of 4812591.
3, 7, 229171
List the prime factors of 719155.
5, 143831
List the prime factors of 351266.
2, 175633
What are the prime factors of 311632?
2, 19477
What are the prime factors of 1032258?
2, 3, 43, 4001
What are the prime factors of 13721946?
2, 3, 7, 239, 1367
What are the prime factors of 1341552?
2, 3, 19, 1471
What are the prime factors of 15405530?
2, 5, 7, 101, 2179
What are the prime factors of 767856?
2, 3, 17, 941
What are the prime factors of 1418147?
1418147
What are the prime factors of 3860137?
3860137
What are the prime factors of 91649?
37, 2477
What are the prime factors of 13123546?
2, 139, 47207
What are the prime factors of 102500?
2, 5, 41
What are the prime factors of 2085555?
3, 5, 257, 541
List the prime factors of 118657.
7, 11, 23, 67
What are the prime factors of 495653?
19, 1373
What are the prime factors of 4400088?
2, 3, 7, 11, 2381
List the prime factors of 28197.
3, 13, 241
What are the prime factors of 2738911?
7, 391273
List the prime factors of 580860.
2, 3, 5, 7, 461
List the prime factors of 5485961.
13, 421997
List the prime factors of 977803.
977803
What are the prime factors of 176305?
5, 37, 953
What are the prime factors of 2748?
2, 3, 229
What are the prime factors of 10788997?
10788997
List the prime factors of 33140.
2, 5, 1657
List the prime factors of 465361.
13, 35797
What are the prime fact